est common divisor of 2319093 and 1345239.
8253
What is the greatest common factor of 396 and 58007048?
44
Calculate the highest common factor of 2511 and 18631.
31
Calculate the highest common divisor of 5766 and 2081433.
93
What is the highest common factor of 30915 and 38454138?
2061
What is the greatest common divisor of 441 and 19109313?
9
Calculate the highest common divisor of 2644911 and 683043.
3009
Calculate the highest common divisor of 1628 and 920634.
814
Calculate the greatest common divisor of 113160199 and 124.
31
What is the highest common factor of 2295 and 5055330?
15
Calculate the highest common factor of 52944 and 384115338.
6618
Calculate the greatest common divisor of 65884 and 312.
52
Calculate the greatest common divisor of 30153290 and 1590.
530
Calculate the greatest common divisor of 53280 and 504495.
1665
Calculate the greatest common divisor of 25872819 and 11074.
791
What is the greatest common factor of 46183515 and 551?
29
What is the highest common divisor of 239279 and 14467?
37
What is the highest common factor of 282976 and 31894?
74
Calculate the highest common factor of 1568 and 5225192.
56
What is the greatest common divisor of 9719 and 2654015925?
9719
What is the greatest common factor of 57895652 and 2192?
548
Calculate the greatest common factor of 507018 and 138.
6
Calculate the greatest common divisor of 1641452 and 2020.
404
What is the greatest common factor of 725533 and 148?
37
What is the highest common factor of 46336 and 730144?
32
Calculate the greatest common divisor of 44 and 18538498.
22
What is the highest common factor of 142766962 and 18239?
793
Calculate the greatest common divisor of 32576 and 18402386.
1018
Calculate the highest common factor of 19176 and 1768704.
1128
What is the highest common factor of 2696522 and 3382?
178
Calculate the greatest common divisor of 2652 and 2719184.
884
Calculate the highest common divisor of 13419 and 341586.
63
What is the greatest common factor of 3921264 and 2748?
12
What is the highest common factor of 2424 and 1600792632?
2424
What is the highest common divisor of 768 and 3191088?
48
Calculate the greatest common factor of 10797370 and 40.
10
What is the greatest common divisor of 165 and 26868675?
15
What is the greatest common factor of 966216 and 97917?
381
What is the greatest common factor of 621246 and 8178?
282
What is the greatest common factor of 73568 and 313082?
418
What is the greatest common divisor of 57550416 and 828?
276
What is the greatest common divisor of 142520 and 360?
40
Calculate the greatest common factor of 44 and 3041654.
22
Calculate the greatest common factor of 162710 and 361646.
614
Calculate the greatest common divisor of 2026569 and 156891.
723
What is the greatest common factor of 103323 and 675521?
341
Calculate the highest common divisor of 12120744 and 352.
8
What is the greatest common divisor of 318801 and 842023?
133
What is the greatest common divisor of 2495752 and 6888?
2296
Calculate the highest common divisor of 69748 and 3534776.
1316
Calculate the highest common factor of 135 and 2050002.
27
What is the highest common divisor of 943568220 and 24?
12
Calculate the greatest common factor of 10 and 5474345.
5
What is the highest common factor of 62906 and 252334?
142
What is the greatest common divisor of 18684441 and 161?
23
Calculate the highest common divisor of 441673 and 2727.
101
What is the greatest common divisor of 1174 and 901985374?
1174
What is the highest common divisor of 5976 and 303624?
72
What is the greatest common divisor of 86400 and 2529?
9
Calculate the greatest common divisor of 12782300 and 1360.
340
What is the highest common factor of 357959778 and 2838?
2838
Calculate the highest common factor of 186979375 and 22000.
1375
What is the highest common divisor of 5785 and 145515?
445
Calculate the greatest common factor of 61228 and 92.
4
Calculate the highest common factor of 905376735 and 510.
255
Calculate the greatest common factor of 5285 and 2893764.
151
What is the greatest common factor of 2639753 and 438?
73
Calculate the highest common factor of 2958 and 1092565401.
1479
Calculate the greatest common divisor of 5362387 and 320546.
1931
What is the highest common divisor of 12591 and 2493?
9
What is the greatest common divisor of 13 and 2957916?
13
What is the highest common factor of 15403 and 4388833?
73
Calculate the greatest common factor of 6 and 458620287.
3
What is the greatest common divisor of 100078120 and 240?
40
What is the highest common factor of 220501666 and 7?
7
Calculate the greatest common factor of 174097972 and 164.
164
What is the highest common factor of 251545 and 33075?
35
What is the highest common factor of 17894 and 13226?
778
What is the highest common factor of 57183549 and 302?
151
What is the greatest common divisor of 350752 and 45008?
1552
What is the greatest common factor of 63 and 514812207?
21
What is the greatest common divisor of 2303719 and 77?
11
What is the highest common factor of 173454032 and 64?
16
What is the greatest common divisor of 7140 and 247516668?
1428
What is the greatest common factor of 32669108 and 391?
23
What is the highest common factor of 1615 and 510459?
17
Calculate the greatest common factor of 69943296 and 2240.
64
What is the greatest common factor of 50404480 and 24?
8
What is the highest common factor of 2964 and 31254?
6
What is the greatest common divisor of 217 and 4949343?
7
Calculate the greatest common divisor of 53567760 and 300.
60
Calculate the highest common divisor of 1813 and 2011394.
259
Calculate the greatest common divisor of 18779 and 1222059.
89
What is the greatest common factor of 1026723596 and 304?
76
Calculate the greatest common factor of 194587 and 1333.
31
What is the highest common divisor of 656613 and 1181007?
2241
Calculate the highest common factor of 47382 and 201150.
894
Calculate the highest common divisor of 3125 and 2002225.
25
What is the highest common divisor of 7350 and 20324400?
150
Calculate the highest common factor of 105 and 2613345.
105
Calculate the greatest common divisor of 1056 and 1650693.
33
What is the highest common divisor of 585 and 181740?
195
Calculate the highest common factor of 53250 and 3300.
150
Calculate the highest common factor of 1130607 and 2019114.
2421
Calculate the greatest common divisor of 190 and 25283148.
38
Calculate the greatest common factor of 166 and 6601073.
83
What is the greatest common divisor of 225557510 and 670?
670
Calculate the highest common factor of 33166 and 394078.
206
What is the greatest common divisor of 23520 and 202965?
105
Calculate the greatest common divisor of 509029 and 6431519.
1387
Calculate the highest common divisor of 117000231 and 2901.
2901
What is the greatest common divisor of 51 and 77555139?
51
What is the greatest common factor of 120 and 20342592?
24
What is the highest common divisor of 65340175 and 75?
25
Calculate the greatest common divisor of 3630432 and 10452.
156
Calculate the highest common divisor of 14601980 and 18425.
335
Calculate the highest common factor of 15651 and 68265.
333
Calculate the highest common factor of 11455 and 2918705.
145
Calculate the greatest common factor of 21337 and 292847.
19
What is the greatest common divisor of 84675094 and 14?
14
Calculate the highest common factor of 5205 and 49215.
15
What is the highest common divisor of 64806720 and 935?
935
What is the greatest common divisor of 48943114 and 22?
22
What is the greatest common divisor of 56670464 and 382?
382
What is the greatest common factor of 250212 and 2223?
3
What is the greatest common divisor of 264960 and 9329490?
2070
What is the greatest common factor of 155635 and 20502?
17
Calculate the greatest common divisor of 3877530 and 204.
102
Calculate the greatest common factor of 630 and 3771054.
126
What is the greatest common factor of 345 and 280600851?
69
Calculate the highest common divisor of 58049838 and 607.
607
What is the highest common divisor of 86884 and 8092?
28
Calculate the greatest common factor of 101505509 and 147.
49
What is the highest common divisor of 283262560 and 70?
70
What is the highest common factor of 292 and 2435207?
73
Calculate the highest commo